{"id":23,"date":"2024-10-31T17:09:39","date_gmt":"2024-10-31T17:09:39","guid":{"rendered":"https:\/\/www.farbmetrik-schweim.de\/?page_id=23"},"modified":"2024-10-31T17:09:39","modified_gmt":"2024-10-31T17:09:39","slug":"ueber-mich","status":"publish","type":"page","link":"https:\/\/www.farbmetrik-schweim.de\/index.php\/ueber-mich\/","title":{"rendered":"\u00dcber mich"},"content":{"rendered":"\n<div class=\"wp-block-columns alignwide is-layout-flex wp-container-core-columns-is-layout-1 wp-block-columns-is-layout-flex\">\n<div class=\"wp-block-column is-layout-flow wp-container-core-column-is-layout-1 wp-block-column-is-layout-flow\">\n<p style=\"font-size:5px;line-height:0\"><\/p>\n\n\n\n<figure class=\"wp-block-image size-full\"><img decoding=\"async\" src=\"https:\/\/farbmetrikschweim.wordpress.com\/wp-content\/uploads\/2024\/09\/02_e.jpg\" alt=\"\" class=\"wp-image-19\" style=\"aspect-ratio:3\/4;object-fit:cover\"\/><\/figure>\n<\/div>\n\n\n\n<div class=\"wp-block-column is-layout-flow wp-block-column-is-layout-flow\">\n<h3 class=\"wp-block-heading\" style=\"font-size:clamp(23.043px, 1.44rem + ((1vw - 3.2px) * 1.558), 38px);\">Zur meiner Person:<\/h3>\n\n\n\n<p>&#8211; Claus \u2013 Peter Schweim, geb. 1959, Bachelor professional im Bereich Licht &amp; Optik<\/p>\n\n\n\n<p>&#8211; 1981 Pr\u00fcfung zum Fachkaufmann in Kiel<\/p>\n\n\n\n<p>&#8211; von 1981 &#8211; 2024 bei der Firma Konica Minolta besch\u00e4ftigt<\/p>\n\n\n\n<p>&#8211; seit 1989 Anwendungstechnischer Berater f\u00fcr Farbmetrik in den Bereichen Licht- und&nbsp;Farbmessung<\/p>\n\n\n\n<p>&#8211; seit 1993 biete ich auch Schulungen und Seminare im Bereich Licht- und Farbmessung an<\/p>\n\n\n\n<p>&#8211; f\u00fcr 10 Jahre Produkt \u2013 Manager im Bereich Farbmessung&nbsp;<\/p>\n<\/div>\n\n\n\n<div class=\"wp-block-column is-layout-flow wp-block-column-is-layout-flow\">\n<h3 class=\"wp-block-heading has-medium-font-size\"><\/h3>\n\n\n\n<div style=\"height:calc( 0.25 * var(--wp--style--root--padding-right, var(--wp--custom--gap--horizontal)))\" aria-hidden=\"true\" class=\"wp-block-spacer\"><\/div>\n\n\n\n<figure class=\"wp-block-image size-large\"><img decoding=\"async\" src=\"https:\/\/farbmetrikschweim.wordpress.com\/wp-content\/uploads\/2024\/10\/logo_fs_neu-1.jpg?w=1024\" alt=\"\" class=\"wp-image-115\"\/><\/figure>\n<\/div>\n<\/div>\n","protected":false},"excerpt":{"rendered":"<p>Zur meiner Person: &#8211; Claus \u2013 Peter Schweim, geb. 1959, Bachelor professional im Bereich Licht &amp; Optik &#8211; 1981 Pr\u00fcfung zum Fachkaufmann in Kiel &#8211; von 1981 &#8211; 2024 bei der Firma Konica Minolta besch\u00e4ftigt &#8211; seit 1989 Anwendungstechnischer Berater f\u00fcr Farbmetrik in den Bereichen Licht- und&nbsp;Farbmessung &#8211; seit 1993 biete ich auch Schulungen und [&hellip;]<\/p>\n","protected":false},"author":1,"featured_media":0,"parent":0,"menu_order":0,"comment_status":"closed","ping_status":"closed","template":"","meta":{"footnotes":""},"class_list":["post-23","page","type-page","status-publish","hentry"],"_links":{"self":[{"href":"https:\/\/www.farbmetrik-schweim.de\/index.php\/wp-json\/wp\/v2\/pages\/23","targetHints":{"allow":["GET"]}}],"collection":[{"href":"https:\/\/www.farbmetrik-schweim.de\/index.php\/wp-json\/wp\/v2\/pages"}],"about":[{"href":"https:\/\/www.farbmetrik-schweim.de\/index.php\/wp-json\/wp\/v2\/types\/page"}],"author":[{"embeddable":true,"href":"https:\/\/www.farbmetrik-schweim.de\/index.php\/wp-json\/wp\/v2\/users\/1"}],"replies":[{"embeddable":true,"href":"https:\/\/www.farbmetrik-schweim.de\/index.php\/wp-json\/wp\/v2\/comments?post=23"}],"version-history":[{"count":1,"href":"https:\/\/www.farbmetrik-schweim.de\/index.php\/wp-json\/wp\/v2\/pages\/23\/revisions"}],"predecessor-version":[{"id":24,"href":"https:\/\/www.farbmetrik-schweim.de\/index.php\/wp-json\/wp\/v2\/pages\/23\/revisions\/24"}],"wp:attachment":[{"href":"https:\/\/www.farbmetrik-schweim.de\/index.php\/wp-json\/wp\/v2\/media?parent=23"}],"curies":[{"name":"wp","href":"https:\/\/api.w.org\/{rel}","templated":true}]}}